{"id":1148,"date":"2023-02-09T16:20:17","date_gmt":"2023-02-09T15:20:17","guid":{"rendered":"https:\/\/truckon.se\/?page_id=1148"},"modified":"2023-02-09T16:33:39","modified_gmt":"2023-02-09T15:33:39","slug":"leveransvillkor","status":"publish","type":"page","link":"https:\/\/truckon.se\/index.php\/leveransvillkor\/","title":{"rendered":"Leveransvillkor"},"content":{"rendered":"<p><div class=\"fusion-fullwidth fullwidth-box fusion-builder-row-1 fusion-flex-container has-pattern-background has-mask-background fusion-parallax-none nonhundred-percent-fullwidth non-hundred-percent-height-scrolling\" style=\"background-color: rgba(255,255,255,0);background-image: url(&quot;https:\/\/truckon.se\/wp-content\/uploads\/revslider\/video-media\/yaleseriesn-webbannervideov3-compressed_1-1024x576.jpeg&quot;);background-position: center center;background-repeat: no-repeat;border-width: 0px 0px 0px 0px;border-color:var(--awb-color3);border-style:solid;-webkit-background-size:cover;-moz-background-size:cover;-o-background-size:cover;background-size:cover;\" ><div class=\"fusion-builder-row fusion-row fusion-flex-align-items-flex-start\" style=\"max-width:1248px;margin-left: calc(-4% \/ 2 );margin-right: calc(-4% \/ 2 );\"><div class=\"fusion-layout-column fusion_builder_column fusion-builder-column-0 fusion_builder_column_1_1 1_1 fusion-flex-column\"><div class=\"fusion-column-wrapper fusion-flex-justify-content-flex-start fusion-content-layout-column\" style=\"background-position:left top;background-repeat:no-repeat;-webkit-background-size:cover;-moz-background-size:cover;-o-background-size:cover;background-size:cover;padding: 0px 0px 0px 0px;\"><\/div><style type=\"text\/css\">.fusion-body .fusion-builder-column-0{width:100% !important;margin-top : 0px;margin-bottom : 20px;}.fusion-builder-column-0 > .fusion-column-wrapper {padding-top : 0px !important;padding-right : 0px !important;margin-right : 1.92%;padding-bottom : 0px !important;padding-left : 0px !important;margin-left : 1.92%;}@media only screen and (max-width:1024px) {.fusion-body .fusion-builder-column-0{width:100% !important;order : 0;}.fusion-builder-column-0 > .fusion-column-wrapper {margin-right : 1.92%;margin-left : 1.92%;}}@media only screen and (max-width:640px) {.fusion-body .fusion-builder-column-0{width:100% !important;order : 0;}.fusion-builder-column-0 > .fusion-column-wrapper {margin-right : 1.92%;margin-left : 1.92%;}}<\/style><\/div><\/div><style type=\"text\/css\">.fusion-body .fusion-flex-container.fusion-builder-row-1{ padding-top : 150px;margin-top : 0px;padding-right : 0px;padding-bottom : 150px;margin-bottom : 0px;padding-left : 0px;}<\/style><\/div><div class=\"fusion-fullwidth fullwidth-box fusion-builder-row-2 fusion-flex-container has-pattern-background has-mask-background nonhundred-percent-fullwidth non-hundred-percent-height-scrolling\" style=\"background-color: rgba(255,255,255,0);background-position: center center;background-repeat: no-repeat;border-width: 0px 0px 0px 0px;border-color:var(--awb-color3);border-style:solid;\" ><div class=\"fusion-builder-row fusion-row fusion-flex-align-items-flex-start\" style=\"max-width:1248px;margin-left: calc(-4% \/ 2 );margin-right: calc(-4% \/ 2 );\"><div class=\"fusion-layout-column fusion_builder_column fusion-builder-column-1 fusion_builder_column_1_2 1_2 fusion-flex-column\"><div class=\"fusion-column-wrapper fusion-flex-justify-content-flex-start fusion-content-layout-column\" style=\"background-position:left top;background-repeat:no-repeat;-webkit-background-size:cover;-moz-background-size:cover;-o-background-size:cover;background-size:cover;padding: 0px 0px 0px 0px;\"><style type=\"text\/css\">@media only screen and (max-width:1024px) {.fusion-title.fusion-title-1{margin-top:10px!important; margin-right:0px!important;margin-bottom:15px!important;margin-left:0px!important;}}@media only screen and (max-width:640px) {.fusion-title.fusion-title-1{margin-top:10px!important; margin-right:0px!important;margin-bottom:10px!important; margin-left:0px!important;}}<\/style><div class=\"fusion-title title fusion-title-1 fusion-sep-none fusion-title-text fusion-title-size-two\" style=\"font-size:48px;margin-top:10px;margin-right:0px;margin-bottom:15px;margin-left:0px;\"><h2 class=\"title-heading-left\" style=\"margin:0;font-size:1em;color:var(--awb-color6);\">Leveransvillkor<\/h2><\/div><div class=\"fusion-separator\" style=\"align-self: flex-start;margin-right:auto;margin-bottom:50px;width:100%;max-width:85px;\"><div class=\"fusion-separator-border sep-single sep-solid\" style=\"border-color:var(--awb-color4);border-top-width:4px;\"><\/div><\/div><div ><span class=\" fusion-imageframe imageframe-none imageframe-1 hover-type-none\" style=\"border-radius:10px;\"><img decoding=\"async\" width=\"600\" height=\"400\" title=\"RT16:20Pro_2\" src=\"https:\/\/truckon.se\/wp-content\/uploads\/2023\/01\/RT1620Pro_2-1.jpg\" alt class=\"img-responsive wp-image-1113\" srcset=\"https:\/\/truckon.se\/wp-content\/uploads\/2023\/01\/RT1620Pro_2-1-200x133.jpg 200w, https:\/\/truckon.se\/wp-content\/uploads\/2023\/01\/RT1620Pro_2-1-400x267.jpg 400w, https:\/\/truckon.se\/wp-content\/uploads\/2023\/01\/RT1620Pro_2-1.jpg 600w\" sizes=\"(max-width: 640px) 100vw, 600px\" \/><\/span><\/div><div class=\"fusion-text fusion-text-1\" style=\"text-align:left;\"><h3><strong>K\u00f6pvillkor.<\/strong><\/h3>\n<p>Priser anges i SEK exklusive moms. Moms och frakt tillkommer p\u00e5 alla priser.<\/p>\n<p>Med reservation f\u00f6r fel lagersaldo och fel priser p\u00e5 hemsida.<br \/>\nS\u00e4ljf\u00f6retaget friskriver sig f\u00f6r tryckfel, fel i information, samt fel i specifikation, p\u00e5 samtliga artiklar.<\/p>\n<p>Pallkostnad tillkommer.<\/p>\n<p>Inget minsta best\u00e4llningsv\u00e4rde finns<\/p>\n<h3><strong>Betalning.<\/strong><\/h3>\n<p>Betalnings sker mot faktura, i vissa fall kr\u00e4vs f\u00f6rskottsbetalning.<\/p>\n<p>Betalningsvillkor p\u00e5 faktura \u00e4r enligt \u00f6verenskommelse.<\/p>\n<h3><strong>Kreditupplysning.<\/strong><\/h3>\n<p>Kreditupplysning g\u00f6rs alltid vid fakturak\u00f6p.<\/p>\n<p>F\u00f6r dom som ej anses kreditv\u00e4rdiga kan f\u00f6rskottsbetalning g\u00f6ras mot Bankgiro.<\/p>\n<\/div><\/div><style type=\"text\/css\">.fusion-body .fusion-builder-column-1{width:50% !important;margin-top : 0px;margin-bottom : 20px;}.fusion-builder-column-1 > .fusion-column-wrapper {padding-top : 0px !important;padding-right : 0px !important;margin-right : 3.84%;padding-bottom : 0px !important;padding-left : 0px !important;margin-left : 3.84%;}@media only screen and (max-width:1024px) {.fusion-body .fusion-builder-column-1{width:50% !important;order : 0;}.fusion-builder-column-1 > .fusion-column-wrapper {margin-right : 3.84%;margin-left : 3.84%;}}@media only screen and (max-width:640px) {.fusion-body .fusion-builder-column-1{width:100% !important;order : 0;}.fusion-builder-column-1 > .fusion-column-wrapper {margin-right : 1.92%;margin-left : 1.92%;}}<\/style><\/div><div class=\"fusion-layout-column fusion_builder_column fusion-builder-column-2 fusion_builder_column_1_2 1_2 fusion-flex-column\"><div class=\"fusion-column-wrapper fusion-flex-justify-content-flex-start fusion-content-layout-column\" style=\"background-position:left top;background-repeat:no-repeat;-webkit-background-size:cover;-moz-background-size:cover;-o-background-size:cover;background-size:cover;padding: 0px 0px 0px 0px;\"><div class=\"fusion-text fusion-text-2\" style=\"text-align:left;\"><h2><strong>Priser exklusive moms &amp; frakt.<\/strong><\/h2>\n<h3><strong>Leveranstid.<\/strong><\/h3>\n<p>Enligt \u00f6verenskommelse.<\/p>\n<h3><strong>Leverans.<\/strong><\/h3>\n<p>Leverans sker efter \u00f6verenskommelse.<\/p>\n<h3><strong>\u00c5terk\u00f6p\/Returr\u00e4tt.<\/strong><\/h3>\n<p>Returr\u00e4tt varan m\u00e5ste returneras i originalf\u00f6rpackning och s\u00e4ljbart skick.<\/p>\n<p>Det avg\u00e5r 20% returavdrag av varans v\u00e4rde. Fraktkostnad st\u00e5r k\u00f6paren f\u00f6r.<\/p>\n<p>I vissa fall kan vi avtala \u00e5terk\u00f6p, detta m\u00e5ste dock avtalas innan order sker.<\/p>\n<p>Vid avtalad \u00e5terk\u00f6p st\u00e5r alltid k\u00f6paren f\u00f6r fraktkostnaderna.<br \/>\nReklamation m\u00e5ste ske inom 10 dagar.<\/p>\n<h3><strong>Transportskada.<\/strong><\/h3>\n<p>Transportskada ska rapporteras direkt vid leverans och antecknas p\u00e5 f\u00f6ljesedeln.<\/p>\n<p>OBS! Viktigt att kontrollera skador p\u00e5 godset innan p\u00e5skrift sker.<br \/>\nkunden ska ta emot godset oavsett hur skadat det \u00e4r och notera skadorna tillsammans med chauff\u00f6ren i handdatorn!<\/p>\n<p>D\u00e4refter kontaktar man leverant\u00f6ren som i sin tur g\u00f6r en anm\u00e4lan till transport\u00f6ren.<\/p>\n<p>Och ett \u00e4rende uppr\u00e4ttas och utredningen p\u00e5b\u00f6rjas mm.<br \/>\nOm skadan inte \u00e4r anm\u00e4ld p\u00e5 fraktsedel, ex. om skadan \u00e4r dold syns inga m\u00e4rken p\u00e5 emballage.<\/p>\n<p>Uppt\u00e4ckts vid uppackning beh\u00f6vs alltid bild p\u00e5 skada och p\u00e5 emballage<\/p>\n<p>Anm\u00e4lan av transportskada m\u00e5ste ske inom 5 arbetsdagar f\u00f6r att ers\u00e4ttning ska f\u00e5s.<\/p>\n<\/div><\/div><style type=\"text\/css\">.fusion-body .fusion-builder-column-2{width:50% !important;margin-top : 0px;margin-bottom : 20px;}.fusion-builder-column-2 > .fusion-column-wrapper {padding-top : 0px !important;padding-right : 0px !important;margin-right : 3.84%;padding-bottom : 0px !important;padding-left : 0px !important;margin-left : 3.84%;}@media only screen and (max-width:1024px) {.fusion-body .fusion-builder-column-2{width:50% !important;order : 0;}.fusion-builder-column-2 > .fusion-column-wrapper {margin-right : 3.84%;margin-left : 3.84%;}}@media only screen and (max-width:640px) {.fusion-body .fusion-builder-column-2{width:100% !important;order : 0;}.fusion-builder-column-2 > .fusion-column-wrapper {margin-right : 1.92%;margin-left : 1.92%;}}<\/style><\/div><\/div><style type=\"text\/css\">.fusion-body .fusion-flex-container.fusion-builder-row-2{ padding-top : 50px;margin-top : 0px;padding-right : 0px;padding-bottom : 0px;margin-bottom : 0px;padding-left : 0px;}<\/style><\/div><\/p>\n","protected":false},"excerpt":{"rendered":"","protected":false},"author":1,"featured_media":0,"parent":0,"menu_order":0,"comment_status":"closed","ping_status":"closed","template":"100-width.php","meta":{"footnotes":""},"class_list":["post-1148","page","type-page","status-publish","hentry"],"_links":{"self":[{"href":"https:\/\/truckon.se\/index.php\/wp-json\/wp\/v2\/pages\/1148","targetHints":{"allow":["GET"]}}],"collection":[{"href":"https:\/\/truckon.se\/index.php\/wp-json\/wp\/v2\/pages"}],"about":[{"href":"https:\/\/truckon.se\/index.php\/wp-json\/wp\/v2\/types\/page"}],"author":[{"embeddable":true,"href":"https:\/\/truckon.se\/index.php\/wp-json\/wp\/v2\/users\/1"}],"replies":[{"embeddable":true,"href":"https:\/\/truckon.se\/index.php\/wp-json\/wp\/v2\/comments?post=1148"}],"version-history":[{"count":11,"href":"https:\/\/truckon.se\/index.php\/wp-json\/wp\/v2\/pages\/1148\/revisions"}],"predecessor-version":[{"id":1160,"href":"https:\/\/truckon.se\/index.php\/wp-json\/wp\/v2\/pages\/1148\/revisions\/1160"}],"wp:attachment":[{"href":"https:\/\/truckon.se\/index.php\/wp-json\/wp\/v2\/media?parent=1148"}],"curies":[{"name":"wp","href":"https:\/\/api.w.org\/{rel}","templated":true}]}}