{"id":17,"date":"2022-10-17T14:50:20","date_gmt":"2022-10-17T12:50:20","guid":{"rendered":"https:\/\/truckon.se\/?page_id=17"},"modified":"2023-02-04T11:18:39","modified_gmt":"2023-02-04T10:18:39","slug":"hyra","status":"publish","type":"page","link":"https:\/\/truckon.se\/index.php\/hyra\/","title":{"rendered":"Hyra"},"content":{"rendered":"<div class=\"fusion-fullwidth fullwidth-box fusion-builder-row-1 fusion-flex-container has-pattern-background has-mask-background nonhundred-percent-fullwidth non-hundred-percent-height-scrolling\" style=\"background-color: rgba(255,255,255,0);background-position: center center;background-repeat: no-repeat;border-width: 0px 0px 0px 0px;border-color:var(--awb-color3);border-style:solid;\" ><div class=\"fusion-builder-row fusion-row fusion-flex-align-items-flex-start\" style=\"max-width:1248px;margin-left: calc(-4% \/ 2 );margin-right: calc(-4% \/ 2 );\"><div class=\"fusion-layout-column fusion_builder_column fusion-builder-column-0 fusion_builder_column_1_2 1_2 fusion-flex-column\"><div class=\"fusion-column-wrapper fusion-flex-justify-content-flex-start fusion-content-layout-column\" style=\"background-position:left top;background-repeat:no-repeat;-webkit-background-size:cover;-moz-background-size:cover;-o-background-size:cover;background-size:cover;padding: 0px 0px 0px 0px;\"><style type=\"text\/css\">@media only screen and (max-width:1024px) {.fusion-title.fusion-title-1{margin-top:10px!important; margin-right:0px!important;margin-bottom:15px!important;margin-left:0px!important;}}@media only screen and (max-width:640px) {.fusion-title.fusion-title-1{margin-top:10px!important; margin-right:0px!important;margin-bottom:10px!important; margin-left:0px!important;}}<\/style><div class=\"fusion-title title fusion-title-1 fusion-sep-none fusion-title-text fusion-title-size-two\" style=\"font-size:32px;margin-top:10px;margin-right:0px;margin-bottom:15px;margin-left:0px;\"><h2 class=\"title-heading-left\" style=\"margin:0;font-size:1em;color:var(--awb-color6);\">Hyra truckar<\/h2><\/div><div style=\"text-align:left;\"><style>.fusion-imageframe.imageframe-1{ margin-bottom : 50px;}<\/style><span class=\" fusion-imageframe imageframe-none imageframe-1 hover-type-none\" style=\"border-radius:10px;\"><img decoding=\"async\" width=\"600\" height=\"345\" title=\"hyra_pic-1-1\" src=\"https:\/\/truckon.se\/wp-content\/uploads\/2023\/02\/hyra_pic-1-1.jpg\" alt class=\"img-responsive wp-image-1130\" srcset=\"https:\/\/truckon.se\/wp-content\/uploads\/2023\/02\/hyra_pic-1-1-200x115.jpg 200w, https:\/\/truckon.se\/wp-content\/uploads\/2023\/02\/hyra_pic-1-1-400x230.jpg 400w, https:\/\/truckon.se\/wp-content\/uploads\/2023\/02\/hyra_pic-1-1.jpg 600w\" sizes=\"(max-width: 640px) 100vw, 600px\" \/><\/span><\/div><div class=\"fusion-text fusion-text-1\" style=\"text-align:left;\"><p>Vi erbjuder ett komplett produktsortiment med nya och begagnade truckar till hyra pa\u030a ba\u030ade kort och la\u030angtid ifra\u030an va\u030ara agenturer.<\/p>\n<p>Vi har a\u0308ven ett stort utbud av truckar ifra\u030an andra va\u0308rldsledande truckvaruma\u0308rken samt ett stort inko\u0308psna\u0308tverk som go\u0308r att vi kan erbjuda er det ni efterfra\u030agar.<\/p>\n<p>Vi erbjuder a\u0308ven hyra pa\u030a ba\u030ade kort och la\u030angtid utav sop\/skurmaskiner.<\/p>\n<p>Hos oss kan ni hyra en dag, flera ma\u030anader eller flera a\u030ar. Vi a\u0308r flexibla och har snabba leveranser.<\/p>\n<p><strong>Hyran kan avskrivas helt.<\/strong><br \/>\nHyreskostnader fo\u0308r hyrtruckar ga\u030ar som driftkostnader, 100 % avdragsgillt fo\u0308r ert fo\u0308retag. Hyrtruckar sa\u0308nker det skattepliktiga resultatet.<\/p>\n<p><strong>Hyresalternativ<\/strong><br \/>\nI va\u030ara olika hyresalternativ: Korttidshyra och Rental\/La\u030angtidshyra sa\u030a inga\u030ar fullservice, totalunderha\u030all samt trafik, brand och sto\u0308ldfo\u0308rsa\u0308kring.<\/p>\n<p>Inga driftstopp utan ni kan fokusera pa\u030a er verksamhet och vi tar hand om truckarna.<\/p>\n<p>Inga dolda kostnader tillkommer.<\/p>\n<\/div><\/div><style type=\"text\/css\">.fusion-body .fusion-builder-column-0{width:50% !important;margin-top : 0px;margin-bottom : 20px;}.fusion-builder-column-0 > .fusion-column-wrapper {padding-top : 0px !important;padding-right : 0px !important;margin-right : 3.84%;padding-bottom : 0px !important;padding-left : 0px !important;margin-left : 3.84%;}@media only screen and (max-width:1024px) {.fusion-body .fusion-builder-column-0{width:50% !important;order : 0;}.fusion-builder-column-0 > .fusion-column-wrapper {margin-right : 3.84%;margin-left : 3.84%;}}@media only screen and (max-width:640px) {.fusion-body .fusion-builder-column-0{width:100% !important;order : 0;}.fusion-builder-column-0 > .fusion-column-wrapper {margin-right : 1.92%;margin-left : 1.92%;}}<\/style><\/div><div class=\"fusion-layout-column fusion_builder_column fusion-builder-column-1 fusion_builder_column_1_2 1_2 fusion-flex-column\"><div class=\"fusion-column-wrapper fusion-flex-justify-content-flex-start fusion-content-layout-column\" style=\"background-position:left top;background-repeat:no-repeat;-webkit-background-size:cover;-moz-background-size:cover;-o-background-size:cover;background-size:cover;padding: 0px 0px 0px 0px;\"><style type=\"text\/css\">@media only screen and (max-width:1024px) {.fusion-title.fusion-title-2{margin-top:10px!important; margin-right:0px!important;margin-bottom:15px!important;margin-left:0px!important;}}@media only screen and (max-width:640px) {.fusion-title.fusion-title-2{margin-top:10px!important; margin-right:0px!important;margin-bottom:10px!important; margin-left:0px!important;}}<\/style><div class=\"fusion-title title fusion-title-2 fusion-sep-none fusion-title-text fusion-title-size-two\" style=\"font-size:32px;margin-top:10px;margin-right:0px;margin-bottom:15px;margin-left:0px;\"><h2 class=\"title-heading-left\" style=\"margin:0;font-size:1em;color:var(--awb-color6);\">Korttidsuthyrning<\/h2><\/div><div class=\"fusion-separator\" style=\"align-self: flex-start;margin-right:auto;margin-bottom:50px;width:100%;max-width:85px;\"><div class=\"fusion-separator-border sep-single sep-solid\" style=\"border-color:var(--awb-color4);border-top-width:4px;\"><\/div><\/div><div class=\"fusion-text fusion-text-2\" style=\"text-align:left;\"><p><strong>Hyr en truck n\u00e4r ni har anv\u00e4ndning av den<\/strong><\/p>\n<p>En korttidsuthyrning t\u00e4cker s\u00e4songsvariationer och produktionstoppar samt driftst\u00f6rningar i den egna truckparken.<\/p>\n<ul>\n<li>Vi har ett stort urval av maskiner p\u00e5 lager med lyftkapaciteter fr\u00e5n 1-16 ton i lager<\/li>\n<li>Olika modeller s\u00e5 som dieseltruck, eltruck, lagertruck, plocktruck, gaffeltruck m.fl.<\/li>\n<li>Vi skr\u00e4ddarsyr hyresobjektet till din verksamhets specifika behov<\/li>\n<\/ul>\n<p>Vi hj\u00e4lper dig att hitta r\u00e4tt truck med r\u00e4tt utrustning som vi snabbt kan leverera till dig. Oavsett om ni \u00f6nskar hyra en truck f\u00f6r en dag, en vecka eller en m\u00e5nad, kan vi f\u00f6resl\u00e5 en l\u00f6sning som passar ert behov. Kom ih\u00e5g \u2013 du beh\u00f6ver inte \u00e4ga en truck f\u00f6r att anv\u00e4nda den.<\/p>\n<\/div><style type=\"text\/css\">@media only screen and (max-width:1024px) {.fusion-title.fusion-title-3{margin-top:10px!important; margin-right:0px!important;margin-bottom:15px!important;margin-left:0px!important;}}@media only screen and (max-width:640px) {.fusion-title.fusion-title-3{margin-top:10px!important; margin-right:0px!important;margin-bottom:10px!important; margin-left:0px!important;}}<\/style><div class=\"fusion-title title fusion-title-3 fusion-sep-none fusion-title-text fusion-title-size-two\" style=\"font-size:32px;margin-top:10px;margin-right:0px;margin-bottom:15px;margin-left:0px;\"><h2 class=\"title-heading-left\" style=\"margin:0;font-size:1em;color:var(--awb-color6);\">Rental<\/h2><\/div><div class=\"fusion-separator\" style=\"align-self: flex-start;margin-right:auto;margin-bottom:50px;width:100%;max-width:85px;\"><div class=\"fusion-separator-border sep-single sep-solid\" style=\"border-color:var(--awb-color4);border-top-width:4px;\"><\/div><\/div><div class=\"fusion-text fusion-text-3\" style=\"text-align:left;\"><div class=\"page\" title=\"Page 2\">\n<div class=\"section\">\n<div class=\"layoutArea\">\n<div class=\"column\">\n<p>Ett hyresavtal l\u00f6per vanligen under l\u00e4ngre tidsperioder, upp till 7 \u00e5r. I v\u00e5ra hyresavtal erbjuder vi v\u00e5ra kunder en helhetsl\u00f6sning. I b\u00e5da fallen flexibla l\u00f6sningar d\u00e4r kostnader \u00e4r f\u00f6ruts\u00e4gbara och utrustningen \u00e4r flexibel.<\/p>\n<p><strong>Anledningar att hyra truck:<\/strong><\/p>\n<ul>\n<li>F\u00f6rs\u00e4kring, service, reparationer, batterier och d\u00e4ck ing\u00e5r<\/li>\n<li>M\u00e5nadskostnaden f\u00f6r truckuthyrning \u00e4r l\u00e4tt att budgetera<\/li>\n<li>Truckparken kan l\u00e4tt anpassas till f\u00f6r\u00e4ndringar i verksamheten<\/li>\n<li>Hos oss kan du alltid hyra truck snabbt och smidigt, oavsett om det g\u00e4ller kort- eller l\u00e5ngtidsuthyrning<\/li>\n<\/ul>\n<\/div>\n<\/div>\n<\/div>\n<\/div>\n<\/div><\/div><style type=\"text\/css\">.fusion-body .fusion-builder-column-1{width:50% !important;margin-top : 0px;margin-bottom : 20px;}.fusion-builder-column-1 > .fusion-column-wrapper {padding-top : 0px !important;padding-right : 0px !important;margin-right : 3.84%;padding-bottom : 0px !important;padding-left : 0px !important;margin-left : 3.84%;}@media only screen and (max-width:1024px) {.fusion-body .fusion-builder-column-1{width:50% !important;order : 0;}.fusion-builder-column-1 > .fusion-column-wrapper {margin-right : 3.84%;margin-left : 3.84%;}}@media only screen and (max-width:640px) {.fusion-body .fusion-builder-column-1{width:100% !important;order : 0;}.fusion-builder-column-1 > .fusion-column-wrapper {margin-right : 1.92%;margin-left : 1.92%;}}<\/style><\/div><\/div><style type=\"text\/css\">.fusion-body .fusion-flex-container.fusion-builder-row-1{ padding-top : 0px;margin-top : 0px;padding-right : 0px;padding-bottom : 0px;margin-bottom : 0px;padding-left : 0px;}<\/style><\/div>\n","protected":false},"excerpt":{"rendered":"","protected":false},"author":1,"featured_media":0,"parent":0,"menu_order":0,"comment_status":"closed","ping_status":"closed","template":"100-width.php","meta":{"footnotes":""},"class_list":["post-17","page","type-page","status-publish","hentry"],"_links":{"self":[{"href":"https:\/\/truckon.se\/index.php\/wp-json\/wp\/v2\/pages\/17","targetHints":{"allow":["GET"]}}],"collection":[{"href":"https:\/\/truckon.se\/index.php\/wp-json\/wp\/v2\/pages"}],"about":[{"href":"https:\/\/truckon.se\/index.php\/wp-json\/wp\/v2\/types\/page"}],"author":[{"embeddable":true,"href":"https:\/\/truckon.se\/index.php\/wp-json\/wp\/v2\/users\/1"}],"replies":[{"embeddable":true,"href":"https:\/\/truckon.se\/index.php\/wp-json\/wp\/v2\/comments?post=17"}],"version-history":[{"count":14,"href":"https:\/\/truckon.se\/index.php\/wp-json\/wp\/v2\/pages\/17\/revisions"}],"predecessor-version":[{"id":1131,"href":"https:\/\/truckon.se\/index.php\/wp-json\/wp\/v2\/pages\/17\/revisions\/1131"}],"wp:attachment":[{"href":"https:\/\/truckon.se\/index.php\/wp-json\/wp\/v2\/media?parent=17"}],"curies":[{"name":"wp","href":"https:\/\/api.w.org\/{rel}","templated":true}]}}